
13, 67
What are the prime factors of 376?
2, 47
What are the prime factors of 4496?
2, 281
What are the prime factors of 3615?
3, 5, 241
List the prime factors of 12195.
3, 5, 271
What are the prime factors of 4354?
2, 7, 311
What are the prime factors of 976?
2, 61
What are the prime factors of 2012?
2, 503
List the prime factors of 1316.
2, 7, 47
List the prime factors of 1495.
5, 13, 23
List the prime factors of 38500.
2, 5, 7, 11
List the prime factors of 99988.
2, 7, 3571
What are the prime factors of 37830?
2, 3, 5, 13, 97
List the prime factors of 59776.
2, 467
List the prime factors of 13113.
3, 31, 47
List the prime factors of 6468.
2, 3, 7, 11
List the prime factors of 22165.
5, 11, 13, 31
List the prime factors of 9114.
2, 3, 7, 31
List the prime factors of 21071.
19, 1109
List the prime factors of 23488.
2, 367
List the prime factors of 550.
2, 5, 11
List the prime factors of 1080.
2, 3, 5
List the prime factors of 3983.
7, 569
List the prime factors of 21368.
2, 2671
What are the prime factors of 1098?
2, 3, 61
List the prime factors of 50257.
29, 1733
What are the prime factors of 407?
11, 37
List the prime factors of 1542.
2, 3, 257
What are the prime factors of 743?
743
List the prime factors of 297.
3, 11
What are the prime factors of 937?
937
List the prime factors of 3849.
3, 1283
What are the prime factors of 15170?
2, 5, 37, 41
What are the prime factors of 5221?
23, 227
What are the prime factors of 36780?
2, 3, 5, 613
List the prime factors of 86263.
86263
What are the prime factors of 338?
2, 13
List the prime factors of 1670.
2, 5, 167
What are the prime factors of 5088?
2, 3, 53
List the prime factors of 4387.
41, 107
What are the prime factors of 461?
461
What are the prime factors of 18323?
73, 251
What are the prime factors of 174?
2, 3, 29
What are the prime factors of 8252?
2, 2063
What are the prime factors of 12405?
3, 5, 827
List the prime factors of 1993.
1993
What are the prime factors of 35704?
2, 4463
What are the prime factors of 6002?
2, 3001
List the prime factors of 2603.
19, 137
List the prime factors of 107453.
107453
What are the prime factors of 104357?
11, 53, 179
List the prime factors of 1554.
2, 3, 7, 37
What are the prime factors of 1251?
3, 139
List the prime factors of 29954.
2, 17, 881
What are the prime factors of 2280?
2, 3, 5, 19
List the prime factors of 8809.
23, 383
List the prime factors of 463.
463
List the prime factors of 457.
457
List the prime factors of 413.
7, 59
List the prime factors of 1497.
3, 499
List the prime factors of 18615.
3, 5, 17, 73
List the prime factors of 7103.
7103
List the prime factors of 32702.
2, 83, 197
What are the prime factors of 5911?
23, 257
What are the prime factors of 361?
19
What are the prime factors of 755?
5, 151
List the prime factors of 81654.
2, 3, 31, 439
List the prime factors of 7178.
2, 37, 97
List the prime factors of 35830.
2, 5, 3583
List the prime factors of 1595.
5, 11, 29
What are the prime factors of 13820?
2, 5, 691
What are the prime factors of 183609?
3, 23, 887
What are the prime factors of 31620?
2, 3, 5, 17, 31
What are the prime factors of 27073?
27073
List the prime factors of 1235.
5, 13, 19
List the prime factors of 36063.
3, 4007
What are the prime factors of 1847?
1847
List the prime factors of 1999.
1999
What are the prime factors of 57335?
5, 11467
What are the prime factors of 4477?
11, 37
List the prime factors of 11126.
2, 5563
List the prime factors of 92263.
257, 359
List the prime factors of 834.
2, 3, 139
List the prime factors of 1116.
2, 3, 31
What are the prime factors of 56863?
101, 563
What are the prime factors of 22404?
2, 3, 1867
List the prime factors of 29834.
2, 7, 2131
What are the prime factors of 244?
2, 61
What are the prime factors of 16287?
3, 61, 89
What are the prime factors of 6?
2, 3
List the prime factors of 1089.
3, 11
List the prime factors of 345.
3, 5, 23
What are the prime factors of 94949?
94949
List the prime factors of 145892.
2, 36473
List the prime factors of 2522.
2, 13, 97
List the prime factors of 233.
233
List the prime factors of 57635.
5, 11527
List the prime factors of 108767.
23, 4729
What are the prime factors of 3356?
2, 839
What are the prime factors of 2954?
2, 7, 211
List the prime factors of 54146.
2, 27073
List the prime factors of 8715.
3, 5, 7, 83
What are the prime factors of 126791?
7, 59, 307
What are the prime factors of 1132?
2, 283
List the prime factors of 826.
2, 7, 59
List the prime factors of 2809.
53
List the prime factors of 5883.
3, 37, 53
What are the prime factors of 9095?
5, 17, 107
List the prime factors of 2242.
2, 19, 59
List the prime factors of 54148.
2, 13537
What are the prime factors of 93914?
2, 46957
List the prime factors of 4682.
2, 2341
List the prime factors of 61773.
3, 59, 349
What are the prime factors of 2309?
2309
List the prime factors of 44953.
44953
What are the prime factors of 152283?
3, 23, 2207
What are the prime factors of 98117?
59, 1663
List the prime factors of 6284.
2, 1571
What are the prime factors of 3842?
2, 17, 113
List the prime factors of 507.
3, 13
What are the prime factors of 71532?
2, 3, 1987
What are the prime factors of 680?
2, 5, 17
What are the prime factors of 15117?
3, 5039
What are the prime factors of 24862?
2, 31, 401
What are the prime factors of 8826?
2, 3, 1471
List the prime factors of 927.
3, 103
List the prime factors of 19908.
2, 3, 7, 79
List the prime factors of 131984.
2, 73, 113
What are the prime factors of 2274?
2, 3, 379
What are the prime factors of 177800?
2, 5, 7, 127
List the prime factors of 17419.
17419
What are the prime factors of 1618?
2, 809
What are the prime factors of 102522?
2, 3, 7, 2441
What are the prime factors of 82909?
17, 4877
List the prime factors of 10415.
5, 2083
What are the prime factors of 22254?
2, 3, 3709
List the prime factors of 1453.
1453
What are the prime factors of 31?
31
List the prime factors of 1630.
2, 5, 163
What are the prime factors of 9863?
7, 1409
What are the prime factors of 7303?
67, 109
List the prime factors of 15098.
2, 7549
What are the prime factors of 3777?
3, 1259
What are the prime factors of 17162?
2, 8581
What are the prime factors of 783?
3, 29
List the prime factors of 7901.
7901
What are the prime factors of 394?
2, 197
What are the prime factors of 411?
3, 137
What are the prime factors of 62?
2, 31
List the prime factors of 28459.
149, 191
List the prime factors of 344.
2, 43
What are the prime factors of 17233?
19, 907
What are the prime factors of 3288?
2, 3, 137
List the prime factors of 1100.
2, 5, 11
List the prime factors of 20142.
2, 3, 373
What are the prime factors of 430?
2, 5, 43
What are the prime factors of 10297?
7, 1471
What are the prime factors of 63063?
3, 7, 11, 13
What are the prime factors of 1814?
2, 907
What are the prime factors of 2395?
5, 479
What are the prime factors of 6177?
3, 29, 71
What are the prime factors of 54338?
2, 101, 269
What are the prime factors of 19211?
19211
List the prime factors of 602.
2, 7, 43
List the prime factors of 2223.
3, 13, 19
List the prime factors of 151854.
2, 3, 25309
List the prime factors of 9244.
2, 2311
List the prime factors of 441.
3, 7
List the prime factors of 10949.
10949
List the prime factors of 181641.
3, 191, 317
List the prime factors of 2050.
2, 5, 41
List the prime factors of 36407.
7, 743
What are the prime factors of 279?
3, 31
List the prime factors of 122818.
2, 61409
List the prime factors of 76923.
3, 7, 11, 37
What are the prime factors of 7655?
5, 1531
List the prime factors of 4556.
2, 17, 67
List the prime factors of 1475.
5, 59
List the prime factors of 7972.
2, 1993
List the prime factors of 1080.
2, 3, 5
List the prime factors of 128.
2
List the prime factors of 33748.
2, 11, 13, 59
What are the prime factors of 763?
7, 109
What are the prime factors of 758?
2, 379
What are the prime factors of 83600?
2, 5, 11, 19
What are the prime factors of 2951?
13, 227
What are the prime factors of 5424?
2, 3, 113
List the prime factors of 1952.
2, 61
What are the prime factors of 6057?
3, 673
List the prime factors of 3993.
3, 11
What are the prime factors of 175466?
2, 59, 1487
What are the prime factors of 82026?
2, 3, 7, 31
List th